factors of 8910 + 1 - (-4 - -8).
3, 2969
Let v(k) = -k**2 - 3*k + 4. Let m be v(-3). Let l(y) = y**3 - 3*y**2 + 12*y - 11. Let g be l(4). Suppose m*q = g + 51. List the prime factors of q.
2, 13
Let h(d) = 226*d + 11. Let k(t) = 45*t + 2. Let j(r) = 2*h(r) - 11*k(r). Suppose 2 - 18 = n - 3*f, 5*n + 15 = 2*f. What are the prime factors of j(n)?
43
Suppose -275*g = -263*g - 45108. List the prime factors of g.
3, 7, 179
Let x = 8205 + -2988. What are the prime factors of x?
3, 37, 47
Suppose 5*w + 60 = 5*l, l = -0*w - 2*w + 9. Suppose 4*k - 16 = -2*d, 0 = -3*k + l*d - 7*d + 1. Suppose -7*r = -k*r - 992. List the prime factors of r.
2, 31
Suppose -3*w + 283*h - 278*h + 147001 = 0, -10 = 5*h. What are the prime factors of w?
13, 3769
Suppose -170 = 12*k - 62. Let q(b) = b**2 - 1. Let x(n) = -n**2 + 17*n + 6. Let h(c) = 4*q(c) + x(c). What are the prime factors of h(k)?
2, 23
Let o = 189 - -2512. What are the prime factors of o?
37, 73
Let w = 34035 + 21652. What are the prime factors of w?
233, 239
Let z be 32/(-208) - (-57898)/(-26). Let v = -1030 - z. List the prime factors of v.
3, 7, 19
Let p(x) = -30*x**3 - 2*x**2 + 1. Let h be p(1). Let n = h - -68. Let r = n + 29. What are the prime factors of r?
2, 3, 11
Let m be (2 - (-10)/(-2))*(-47 + 8). Suppose 335 = -2*s + 2*x + m, -4*s - 5*x - 472 = 0. Let y = 232 + s. What are the prime factors of y?
7, 17
Let b(y) = 111*y + 25. Let f be b(-5). Let a = f + 1068. List the prime factors of a.
2, 269
Let p(k) = 15*k**3 + 4*k**2 - k + 3. Let d be p(3). Suppose -l - 3*x = -110 - 121, x + d = 2*l. List the prime factors of l.
2, 3, 37
Let c(x) = 4*x + x - 14 - 8*x. Let o be c(3). Let r = 51 + o. What are the prime factors of r?
2, 7
Let j be 10 + 11/((-44)/8). Let k be (-46)/(36/j - 5). Suppose -11*u + k = -194. What are the prime factors of u?
2, 13
List the prime factors of (-1)/((1 - (-166404)/(-18489)) + 8).
6163
Let l(y) = 2*y**2 + 8*y - 3. Suppose 0 = -4*z - 2*s - 34, 4*z + 11*s - 16*s + 27 = 0. List the prime factors of l(z).
61
Suppose -5*t + 0 = 10, -b + 10 = -4*t. Suppose b*a + 5*p - 187 = 0, 2*a + 3*p - 191 = 2*p. Let m = a + -67. What are the prime factors of m?
29
Let s be 12*((-15)/(-10))/(18/8). Let c be s/(-4)*-1 - 14. Let q(z) = z**2 + 7*z - 24. What are the prime factors of q(c)?
2, 3
Suppose -134 - 456 = -118*o. Let j = 0 + 0. Suppose -5*w + 4*w - c + 71 = j, -215 = -3*w - o*c. List the prime factors of w.
2, 5, 7
Suppose -5*f + 3779 = 2*s, 4*f + 3788 = -18*s + 20*s. Suppose -g = -p - 331 - 142, -2*p + s = 4*g. What are the prime factors of g?
11, 43
Suppose -2*g - 1829 = -4*b + 1159, -3*b = -g - 2241. Let n = b + -702. List the prime factors of n.
3, 5
Let i(n) = 28*n**2 + 507*n - 8. What are the prime factors of i(-49)?
31, 1367
Let h = 3918 - -926. What are the prime factors of h?
2, 7, 173
Let i(f) be the first derivative of f**3/3 + 5*f**2 + 12*f - 8. Let p be i(-9). Suppose -t - 151 = -2*n - 2*n, -p*t + 3 = 0. List the prime factors of n.
2, 19
Let d = 1 + -36. Let w = -18 - d. Suppose w*u - 12*u = 310. What are the prime factors of u?
2, 31
Let m = -121 + 127. Let y(i) = -i**3 + 8*i**2 + 5*i - 15. List the prime factors of y(m).
3, 29
Let y = -27 + 29. Suppose y*k = -10, -17 = -2*h - 3*k + 34. Suppose -2*g + 85 + h = 0. What are the prime factors of g?
59
List the prime factors of 16979 + 8/(-17 + 15).
5, 7, 97
Let z = 4 - -15. Suppose -z*c + 11*c = 0. Suppose 0 = -3*x - x - 4*w + 576, c = 2*w - 4. List the prime factors of x.
2, 71
Let m = -10414 + 15594. What are the prime factors of m?
2, 5, 7, 37
Let o = -31 - -39. Let y be 6/(-15)*10/o*-10. Suppose y*h - 876 + 291 = 0. What are the prime factors of h?
3, 13
Suppose 0 = -4*w - 2 + 10. Let n be (3/(-5))/((-1)/10*w). Suppose 5*r = -5*g + 295, 2*g - 104 - 10 = -n*r. List the prime factors of g.
3, 7
Suppose -2*m = 45 - 895. Suppose 5*c + 0*c + 881 = a, -20 = 5*a. Let u = c + m. List the prime factors of u.
2, 31
Suppose 7*h + 544 = -569. Let m = h + 181. List the prime factors of m.
2, 11
Let b be 128/7 - (-6)/(-21). Suppose 0 = -6*v - 3*v + b. Suppose -176 = -v*s + 76. List the prime factors of s.
2, 3, 7
Let n be (1/1 - 0)/(28/(-26600)). Let b = -516 - n. What are the prime factors of b?
2, 7, 31
Let w(c) = 146*c**2 + c - 3. What are the prime factors of w(5)?
2, 11, 83
Let u be -1 + 957 - (1 - (-1 + 6)). Let f = u + -537. List the prime factors of f.
3, 47
Suppose -2*r = 5*g - 56, -56 = -2*r + g - 3*g. Let n(p) = p**3 + 2*p**2 - 12*p - 2. Let x be n(-4). Let t = x + r. List the prime factors of t.
2, 3, 7
What are the prime factors of (1*34/6)/(83/458907)?
17, 19, 97
Suppose 5*n = 3*s - 11, -s - 2*s + 56 = 4*n. Suppose -s*p = -10*p - 426. What are the prime factors of p?
3, 71
Suppose -c - 5644 = -h, -3*h = c + 631 - 17555. What are the prime factors of h?
2, 7, 13, 31
Suppose 0 = 5*o - 3*t - 192043, 5*o + 3*t - 199131 + 7094 = 0. List the prime factors of o.
2, 4801
Let o(p) = p**3 - 27*p**2 + 26*p - 6. Let l be o(26). Let u(q) = q**3 + 7*q**2 - 8*q. What are the prime factors of u(l)?
2, 3, 7
Let v(f) be the first derivative of 683*f**3/3 + 7*f**2/2 + 8*f - 65. List the prime factors of v(-1).
2, 3, 19
Suppose 0 = 3*b + 4*a + 1051, 341 = -5*b - a - 1388. What are the prime factors of (b/6)/(-2*4/16)?
5, 23
Let v(u) = -u**2 - 24*u + 36. Suppose 0*o = -3*o + z - 36, 3*o + 4*z = -51. List the prime factors of v(o).
179
Let s be (16/40)/(1/(-690)). Let h = 110 - s. What are the prime factors of h?
2, 193
Let j be 6818/21 - (-4)/(-6). Suppose -2*x + 374 = -q, -4*q + j + 50 = 2*x. List the prime factors of x.
11, 17
List the prime factors of 504038/27 - (-56)/(-756).
2, 13, 359
Suppose -21*y = 100*y - 2565563. List the prime factors of y.
7, 13, 233
Let b be -4 - ((-113)/6 + 1/(-6)). Suppose -1340 = 10*d - b*d - 5*w, 3*d - 5*w = 796. What are the prime factors of d?
3, 89
Suppose 13 + 35 = 3*k. Suppose 2*g + 2*g - 6096 = -4*i, 0 = 3*i + 2*g - 4570. List the prime factors of i/6 + k/(-24).
11, 23
Let r = -208 + 368. Let b(o) = -2*o**2 + 13*o - 13. Let t be b(7). Let z = r + t. List the prime factors of z.
2, 5, 7
Suppose -203 = 7*x - 133. Let z(t) = t**2 - 8*t + 33. What are the prime factors of z(x)?
3, 71
Suppose 366*i - 373*i - 623 = 0. Let b = 130 + 149. Let x = b + i. What are the prime factors of x?
2, 5, 19
Suppose 8*j = 5*b - 217859, 18*b = 20*b - 2*j - 87140. List the prime factors of b.
19, 2293
Suppose j = -j + 6. Suppose -r = -2*l + 21, 0 = -3*r - j*l + 6 - 60. Let s = r - -49. What are the prime factors of s?
2, 3, 5
Suppose -3*s - s + 16 = 0. Suppose -100*j + 115*j - 30 = 0. Suppose -2*a - s*f = -350, a - 4*f = -j*a + 555. List the prime factors of a.
181
Suppose 3*y + 0*y = 5*m + 10, -3*y = 4*m - 19. Let p(b) = 2 + y*b - b + 18*b. What are the prime factors of p(3)?
2, 17
Let j = -8987 + 16637. List the prime factors of j.
2, 3, 5, 17
Suppose -38 + 907 = l. Let u = l + -174. List the prime factors of u.
5, 139
Let n(v) = -v**3 - v**2 + v + 13. Let q be n(0). Suppose -7*t + q*t - 1314 = 0. List the prime factors of t.
3, 73
Let v(a) = -34 + 5*a**2 + 0*a**2 + 3*a**2 - 9*a**2 - 13*a. Let z be v(-10). Let j(t) = -t**3 + 2*t**2 + 3*t - 7. List the prime factors of j(z).
7, 11
Let y be 15*(-3)/4*(-28)/63. Suppose -2*b + 1595 = 3*d, 2*d = -4*b + y*b - 815. Suppose 4*c + 117 = b. What are the prime factors of c?
2, 43
Suppose -96*a - 5389958 + 27193127 = 325*a. List the prime factors of a.
3, 61, 283
Let r(n) = -n**2 + 16*n + 92. Let y be ((-72)/(-48))/((-4)/((-408)/9)). List the prime factors of r(y).
3, 5
Suppose 208*y - 241*y = -738210. List the prime factors of y.
2, 5, 2237
Let r(y) = 30*y - 18. Let c = -35 + 40. List the prime factors of r(c).
2, 3, 11
Let c(k) = -32*k - 27. Let s = 300 + -314. What are the prime factors of c(s)?
421
List the prime factors of 309502/204 - (-1)/(-6).
37, 41
Let r be -10*(8 + -7)*(-3)/6. What are the prime factors of -15 - -13 - (-592 + 1) - r?
2, 73
Let s(p) = 8*p**2. Let v be s(0). Suppose -4*n + 1203 + 293 = v. List the prime factors of n.
2, 11, 17
Suppose 0 = -3*u - 2*y + 21531, 2*u - 14354 = 31*y - 32*y. What are the prime factors of u?
7177
Let a(u) = 11*u + 4 - 3 + 9*u. Let b be a(-1). Let n = -12 - b. List the prime factors of n.
7
Let d be (-3 - -2)*(-1 - 592) + 1. Suppose